Calculate the greatest common factor of 562677 and 30.
3
Calculate the greatest common divisor of 410 and 1287980.
10
What is the highest common divisor of 49206 and 377802?
834
Calculate the greatest common divisor of 41797 and 29862.
7
What is the greatest common divisor of 688 and 78701352?
344
Calculate the greatest common factor of 312034960 and 20.
20
Calculate the greatest common divisor of 122633112 and 16.
8
Calculate the highest common factor of 376786 and 506.
46
What is the greatest common divisor of 252 and 856848?
12
Calculate the greatest common factor of 19636318 and 3666.
1222
What is the greatest common factor of 3354 and 67761798?
78
Calculate the highest common divisor of 1902 and 253600.
634
What is the highest common divisor of 104392070 and 20?
10
Calculate the highest common factor of 12573165 and 22.
11
Calculate the greatest common divisor of 306 and 41058.
18
Calculate the highest common factor of 2265636 and 11552.
1444
What is the highest common factor of 98 and 81798584?
14
What is the highest common factor of 981929 and 1664?
13
What is the highest common divisor of 5 and 833802745?
5
What is the highest common factor of 3737811 and 861?
21
What is the highest common factor of 70 and 1152469724?
14
Calculate the highest common divisor of 58 and 300178.
2
What is the greatest common divisor of 1291 and 23341?
1
What is the highest common factor of 412235362 and 266?
266
Calculate the highest common factor of 10212 and 1044476.
92
What is the highest common divisor of 117611 and 366353?
13
What is the highest common divisor of 3642936 and 60?
12
Calculate the highest common factor of 7667889 and 258.
129
Calculate the greatest common factor of 496531 and 309236.
797
What is the greatest common factor of 56 and 45399520?
8
What is the highest common divisor of 144342 and 220698?
54
What is the highest common divisor of 4712 and 1918373?
589
What is the highest common divisor of 129 and 39661179?
129
What is the greatest common factor of 65800 and 1021310?
470
Calculate the highest common factor of 67344 and 313.
1
What is the highest common factor of 3838788 and 138?
6
What is the highest common divisor of 2376 and 9771894?
594
What is the highest common divisor of 210264106 and 182?
26
Calculate the greatest common factor of 506 and 1636864.
46
Calculate the greatest common divisor of 10 and 76951595.
5
What is the greatest common factor of 11782510 and 3390?
1130
Calculate the highest common factor of 46 and 12018696.
46
What is the highest common factor of 47467368 and 12675?
507
What is the greatest common factor of 7443828 and 3066?
42
Calculate the highest common factor of 102 and 433481198.
34
Calculate the highest common divisor of 248 and 11099953.
31
What is the highest common factor of 463639 and 3532683?
4103
What is the greatest common divisor of 363480 and 150280?
520
Calculate the greatest common factor of 3897400 and 27352.
104
What is the greatest common divisor of 2323048 and 98?
14
What is the highest common divisor of 19588 and 42496?
332
Calculate the highest common factor of 9866710 and 1120.
70
What is the greatest common factor of 101552940 and 900?
180
What is the highest common divisor of 3658174 and 650?
26
What is the greatest common divisor of 14225076 and 144?
36
What is the greatest common factor of 132 and 17236536?
12
Calculate the highest common factor of 28 and 283021242.
14
What is the greatest common factor of 174 and 92722947?
87
What is the highest common divisor of 78297 and 264?
3
What is the greatest common factor of 44 and 2853388?
4
Calculate the highest common factor of 8 and 10208248.
8
Calculate the highest common divisor of 4266 and 11801178.
1422
Calculate the highest common divisor of 8121 and 81220828.
2707
Calculate the highest common factor of 4474096 and 352.
176
Calculate the highest common divisor of 2106 and 88640136.
702
What is the highest common divisor of 15588 and 10920?
12
What is the greatest common factor of 708 and 8278?
2
Calculate the greatest common divisor of 774045 and 721.
103
What is the highest common factor of 352342 and 84847?
17
What is the greatest common divisor of 8162 and 153342992?
1166
Calculate the greatest common factor of 117 and 1936454.
13
What is the highest common divisor of 16573821 and 2937?
33
Calculate the greatest common factor of 56848428 and 2184.
1092
Calculate the highest common divisor of 234288 and 4690641.
4881
What is the greatest common divisor of 42774589 and 71?
71
Calculate the highest common factor of 3309629 and 1401.
467
Calculate the greatest common factor of 223 and 66451993.
223
What is the highest common factor of 8600 and 593200?
200
Calculate the highest common factor of 526813867 and 17.
17
Calculate the highest common divisor of 46270 and 18410.
70
What is the highest common divisor of 69168 and 439494?
66
Calculate the highest common divisor of 12771 and 11174152.
473
Calculate the highest common factor of 786 and 43104633.
393
Calculate the highest common divisor of 11 and 3879634.
11
What is the greatest common divisor of 676 and 6272513?
13
Calculate the greatest common factor of 472218 and 1470.
6
Calculate the greatest common factor of 4684 and 2358394.
2342
What is the highest common divisor of 10957305 and 135?
15
Calculate the greatest common factor of 345 and 2241143.
23
Calculate the greatest common divisor of 2859974 and 222.
2
What is the highest common factor of 12733461 and 680839?
2531
What is the greatest common factor of 32881194 and 4809?
687
What is the highest common divisor of 3945 and 90240?
15
Calculate the greatest common factor of 914736 and 74576.
944
What is the greatest common factor of 4324 and 681090536?
4324
Calculate the greatest common divisor of 28674 and 9322.
118
Calculate the greatest common divisor of 44 and 8170492.
44
Calculate the greatest common divisor of 147 and 98924826.
147
Calculate the greatest common factor of 9406238 and 32496.
1354
Calculate the greatest common divisor of 1001 and 60731.
11
Calculate the greatest common factor of 6506662 and 132514.
2246
Calculate the greatest common factor of 3675218 and 67.
67
What is the highest common divisor of 10232 and 4064?
8
What is the highest common divisor of 1765475167 and 223?
223
Calculate the highest common factor of 54643 and 3061039.
1031
Calculate the greatest common factor of 1246731 and 36.
3
What is the highest common divisor of 360 and 10667016?
72
What is the greatest common divisor of 24 and 1368837?
3
Calculate the highest common factor of 6 and 576902736.
6
Calculate the highest common factor of 49725 and 135252.
1989
Calculate the highest common factor of 207 and 2841305.
23
What is the greatest common factor of 3199237 and 302?
151
Calculate the greatest common factor of 858568 and 22168.
136
What is the greatest common factor of 1779434 and 436625?
499
What is the highest common divisor of 5272 and 22683439?
659
What is the greatest common factor of 14292889 and 219?
73
Calculate the greatest common factor of 77 and 1126829.
11
What is the greatest common divisor of 63914724 and 9048?
348
Calculate the highest common divisor of 6050836 and 52.
4
What is the highest common factor of 856830 and 53742?
1014
What is the greatest common divisor of 174849 and 1260015?
501
Calculate the greatest common divisor of 6610260 and 1179.
393
Calculate the greatest common factor of 56291 and 40.
1
What is the greatest common factor of 4 and 67643956?
4
What is the highest common divisor of 6830038 and 1602?
178
What is the highest common divisor of 87991385 and 395?
395
Calculate the greatest common factor of 70506898 and 1386.
154
Calculate the highest common divisor of 355315 and 327525.
1985
What is the highest common factor of 212 and 183922561?
53
What is the highest common factor of 18223971 and 106149?
2589
Calculate the greatest common divisor of 1979232 and 1465344.
5088
What is the highest common divisor of 1416 and 26733726?
354
What is the greatest common factor of 16883208 and 1080?
216
What is the greatest common factor of 298 and 5015377250?
298
Calculate the highest common factor of 3500 and 1600830.
70
What is the greatest common divisor of 350 and 9187200?
50
What is the greates